{"id":118792,"date":"2025-05-08T16:01:05","date_gmt":"2025-05-08T14:01:05","guid":{"rendered":"https:\/\/235th.com\/?post_type=product&#038;p=118792"},"modified":"2025-05-08T16:03:52","modified_gmt":"2025-05-08T14:03:52","slug":"apres-shampooing-vegetalien-aux-actifs-naturels-reparateurs","status":"publish","type":"product","link":"https:\/\/235th.com\/en\/product\/apres-shampooing-vegetalien-aux-actifs-naturels-reparateurs\/","title":{"rendered":"Apr\u00e8s-shampooing V\u00e9g\u00e9talien aux Actifs Naturels R\u00e9parateurs"},"content":{"rendered":"<p>Soin intensif des pointes \u2013 Adapt\u00e9 \u00e0 tous les types de cheveux, m\u00eame textur\u00e9s.<br \/>\nCet apr\u00e8s-shampooing v\u00e9g\u00e9talien, sans noix, est une v\u00e9ritable cure de r\u00e9paration pour les pointes ab\u00eem\u00e9es et s\u00e8ches. Enrichi en panth\u00e9nol, b\u00e9ta\u00efne et prot\u00e9ines de bl\u00e9, il nourrit, renforce et prot\u00e8ge la fibre capillaire, tout en pr\u00e9venant les cassures et les pointes fourchues. R\u00e9sultat : des cheveux visiblement plus sains, plus doux et plus faciles \u00e0 coiffer.<\/p>\n<p>Sp\u00e9cialement formul\u00e9 pour convenir aussi aux cheveux boucl\u00e9s, fris\u00e9s ou cr\u00e9pus, il pr\u00e9serve l\u2019hydratation naturelle sans alourdir la boucle, et facilite le d\u00e9m\u00ealage en douceur.<\/p>\n<p>Son parfum envo\u00fbtant m\u00eale des notes fra\u00eeches d\u2019agrumes, d\u2019herbes et de fleurs sucr\u00e9es, pour une exp\u00e9rience sensorielle \u00e0 chaque application.<\/p>\n<p>Conseils d\u2019utilisation : appliquer sur les pointes lav\u00e9es et essor\u00e9es, laisser poser 1 \u00e0 3 minutes, puis rincer abondamment.<\/p>\n","protected":false},"excerpt":{"rendered":"<p>Soin intensif des pointes \u2013 Adapt\u00e9 \u00e0 tous les types de cheveux, m\u00eame textur\u00e9s. Cet apr\u00e8s-shampooing v\u00e9g\u00e9talien, sans noix, est une v\u00e9ritable cure de r\u00e9paration pour les pointes ab\u00eem\u00e9es et s\u00e8ches. Enrichi en panth\u00e9nol, b\u00e9ta\u00efne et prot\u00e9ines de bl\u00e9, il nourrit, renforce et prot\u00e8ge la fibre capillaire, tout en pr\u00e9venant [&hellip;]<\/p>\n","protected":false},"featured_media":118793,"comment_status":"closed","ping_status":"closed","template":"","meta":[],"product_brand":[],"product_cat":[833],"product_tag":[953,969,958,990,966,971,967,972,970,965,973,968],"class_list":{"0":"post-118792","1":"product","2":"type-product","3":"status-publish","4":"has-post-thumbnail","6":"product_cat-non-classifiee","7":"product_tag-all-skin-types-types-de-peau-en","8":"product_tag-apres-shampooing-type","9":"product_tag-betaine-principes-actifs-en","10":"product_tag-blanche-couleur-de-lemballage-en-2","11":"product_tag-facilite-le-coiffage","12":"product_tag-manque-de-volume-inquietude","13":"product_tag-nourrit-les-cheveux","14":"product_tag-panthenol-principes-actifs","15":"product_tag-pointes-seches-inquietude","16":"product_tag-previent-les-pointes-fourchues","17":"product_tag-proteines-de-ble-principes-actifs","18":"product_tag-soins-du-cheveu","20":"first","21":"instock","22":"taxable","23":"shipping-taxable","24":"purchasable","25":"product-type-simple"},"acf":[],"yoast_head":"<!-- This site is optimized with the Yoast SEO plugin v24.3 - https:\/\/yoast.com\/wordpress\/plugins\/seo\/ -->\n<title>Apr\u00e8s-shampooing V\u00e9g\u00e9talien aux Actifs Naturels R\u00e9parateurs - 235 TH<\/title>\n<meta name=\"robots\" content=\"index, follow, max-snippet:-1, max-image-preview:large, max-video-preview:-1\" \/>\n<link rel=\"canonical\" href=\"https:\/\/235th.com\/en\/product\/apres-shampooing-vegetalien-aux-actifs-naturels-reparateurs\/\" \/>\n<meta property=\"og:locale\" content=\"en_US\" \/>\n<meta property=\"og:type\" content=\"article\" \/>\n<meta property=\"og:title\" content=\"Apr\u00e8s-shampooing V\u00e9g\u00e9talien aux Actifs Naturels R\u00e9parateurs - 235 TH\" \/>\n<meta property=\"og:description\" content=\"Soin intensif des pointes \u2013 Adapt\u00e9 \u00e0 tous les types de cheveux, m\u00eame textur\u00e9s. Cet apr\u00e8s-shampooing v\u00e9g\u00e9talien, sans noix, est une v\u00e9ritable cure de r\u00e9paration pour les pointes ab\u00eem\u00e9es et s\u00e8ches. Enrichi en panth\u00e9nol, b\u00e9ta\u00efne et prot\u00e9ines de bl\u00e9, il nourrit, renforce et prot\u00e8ge la fibre capillaire, tout en pr\u00e9venant [&hellip;]\" \/>\n<meta property=\"og:url\" content=\"https:\/\/235th.com\/en\/product\/apres-shampooing-vegetalien-aux-actifs-naturels-reparateurs\/\" \/>\n<meta property=\"og:site_name\" content=\"235 TH\" \/>\n<meta property=\"article:modified_time\" content=\"2025-05-08T14:03:52+00:00\" \/>\n<meta property=\"og:image\" content=\"https:\/\/235th.com\/wp-content\/uploads\/2025\/05\/E8OAXTws0eVbtlVhn1edLAX89yzcjpDS-1-scaled.jpg\" \/>\n\t<meta property=\"og:image:width\" content=\"1930\" \/>\n\t<meta property=\"og:image:height\" content=\"2560\" \/>\n\t<meta property=\"og:image:type\" content=\"image\/jpeg\" \/>\n<meta name=\"twitter:card\" content=\"summary_large_image\" \/>\n<meta name=\"twitter:label1\" content=\"Est. reading time\" \/>\n\t<meta name=\"twitter:data1\" content=\"1 minute\" \/>\n<script type=\"application\/ld+json\" class=\"yoast-schema-graph\">{\"@context\":\"https:\/\/schema.org\",\"@graph\":[{\"@type\":\"WebPage\",\"@id\":\"https:\/\/235th.com\/en\/product\/apres-shampooing-vegetalien-aux-actifs-naturels-reparateurs\/\",\"url\":\"https:\/\/235th.com\/en\/product\/apres-shampooing-vegetalien-aux-actifs-naturels-reparateurs\/\",\"name\":\"Apr\u00e8s-shampooing V\u00e9g\u00e9talien aux Actifs Naturels R\u00e9parateurs - 235 TH\",\"isPartOf\":{\"@id\":\"https:\/\/235th.com\/en\/#website\"},\"primaryImageOfPage\":{\"@id\":\"https:\/\/235th.com\/en\/product\/apres-shampooing-vegetalien-aux-actifs-naturels-reparateurs\/#primaryimage\"},\"image\":{\"@id\":\"https:\/\/235th.com\/en\/product\/apres-shampooing-vegetalien-aux-actifs-naturels-reparateurs\/#primaryimage\"},\"thumbnailUrl\":\"https:\/\/i0.wp.com\/235th.com\/wp-content\/uploads\/2025\/05\/E8OAXTws0eVbtlVhn1edLAX89yzcjpDS-1-scaled.jpg?fit=1930%2C2560&ssl=1\",\"datePublished\":\"2025-05-08T14:01:05+00:00\",\"dateModified\":\"2025-05-08T14:03:52+00:00\",\"breadcrumb\":{\"@id\":\"https:\/\/235th.com\/en\/product\/apres-shampooing-vegetalien-aux-actifs-naturels-reparateurs\/#breadcrumb\"},\"inLanguage\":\"en-US\",\"potentialAction\":[{\"@type\":\"ReadAction\",\"target\":[\"https:\/\/235th.com\/en\/product\/apres-shampooing-vegetalien-aux-actifs-naturels-reparateurs\/\"]}]},{\"@type\":\"ImageObject\",\"inLanguage\":\"en-US\",\"@id\":\"https:\/\/235th.com\/en\/product\/apres-shampooing-vegetalien-aux-actifs-naturels-reparateurs\/#primaryimage\",\"url\":\"https:\/\/i0.wp.com\/235th.com\/wp-content\/uploads\/2025\/05\/E8OAXTws0eVbtlVhn1edLAX89yzcjpDS-1-scaled.jpg?fit=1930%2C2560&ssl=1\",\"contentUrl\":\"https:\/\/i0.wp.com\/235th.com\/wp-content\/uploads\/2025\/05\/E8OAXTws0eVbtlVhn1edLAX89yzcjpDS-1-scaled.jpg?fit=1930%2C2560&ssl=1\",\"width\":1930,\"height\":2560},{\"@type\":\"BreadcrumbList\",\"@id\":\"https:\/\/235th.com\/en\/product\/apres-shampooing-vegetalien-aux-actifs-naturels-reparateurs\/#breadcrumb\",\"itemListElement\":[{\"@type\":\"ListItem\",\"position\":1,\"name\":\"Accueil\",\"item\":\"https:\/\/235th.com\/en\/\"},{\"@type\":\"ListItem\",\"position\":2,\"name\":\"Store\",\"item\":\"https:\/\/235th.com\/en\/store\/\"},{\"@type\":\"ListItem\",\"position\":3,\"name\":\"Apr\u00e8s-shampooing V\u00e9g\u00e9talien aux Actifs Naturels R\u00e9parateurs\"}]},{\"@type\":\"WebSite\",\"@id\":\"https:\/\/235th.com\/en\/#website\",\"url\":\"https:\/\/235th.com\/en\/\",\"name\":\"235 TH\",\"description\":\"L&#039;excellence sinon rien\",\"potentialAction\":[{\"@type\":\"SearchAction\",\"target\":{\"@type\":\"EntryPoint\",\"urlTemplate\":\"https:\/\/235th.com\/en\/?s={search_term_string}\"},\"query-input\":{\"@type\":\"PropertyValueSpecification\",\"valueRequired\":true,\"valueName\":\"search_term_string\"}}],\"inLanguage\":\"en-US\"}]}<\/script>\n<!-- \/ Yoast SEO plugin. -->","yoast_head_json":{"title":"Apr\u00e8s-shampooing V\u00e9g\u00e9talien aux Actifs Naturels R\u00e9parateurs - 235 TH","robots":{"index":"index","follow":"follow","max-snippet":"max-snippet:-1","max-image-preview":"max-image-preview:large","max-video-preview":"max-video-preview:-1"},"canonical":"https:\/\/235th.com\/en\/product\/apres-shampooing-vegetalien-aux-actifs-naturels-reparateurs\/","og_locale":"en_US","og_type":"article","og_title":"Apr\u00e8s-shampooing V\u00e9g\u00e9talien aux Actifs Naturels R\u00e9parateurs - 235 TH","og_description":"Soin intensif des pointes \u2013 Adapt\u00e9 \u00e0 tous les types de cheveux, m\u00eame textur\u00e9s. Cet apr\u00e8s-shampooing v\u00e9g\u00e9talien, sans noix, est une v\u00e9ritable cure de r\u00e9paration pour les pointes ab\u00eem\u00e9es et s\u00e8ches. Enrichi en panth\u00e9nol, b\u00e9ta\u00efne et prot\u00e9ines de bl\u00e9, il nourrit, renforce et prot\u00e8ge la fibre capillaire, tout en pr\u00e9venant [&hellip;]","og_url":"https:\/\/235th.com\/en\/product\/apres-shampooing-vegetalien-aux-actifs-naturels-reparateurs\/","og_site_name":"235 TH","article_modified_time":"2025-05-08T14:03:52+00:00","og_image":[{"width":1930,"height":2560,"url":"https:\/\/235th.com\/wp-content\/uploads\/2025\/05\/E8OAXTws0eVbtlVhn1edLAX89yzcjpDS-1-scaled.jpg","type":"image\/jpeg"}],"twitter_card":"summary_large_image","twitter_misc":{"Est. reading time":"1 minute"},"schema":{"@context":"https:\/\/schema.org","@graph":[{"@type":"WebPage","@id":"https:\/\/235th.com\/en\/product\/apres-shampooing-vegetalien-aux-actifs-naturels-reparateurs\/","url":"https:\/\/235th.com\/en\/product\/apres-shampooing-vegetalien-aux-actifs-naturels-reparateurs\/","name":"Apr\u00e8s-shampooing V\u00e9g\u00e9talien aux Actifs Naturels R\u00e9parateurs - 235 TH","isPartOf":{"@id":"https:\/\/235th.com\/en\/#website"},"primaryImageOfPage":{"@id":"https:\/\/235th.com\/en\/product\/apres-shampooing-vegetalien-aux-actifs-naturels-reparateurs\/#primaryimage"},"image":{"@id":"https:\/\/235th.com\/en\/product\/apres-shampooing-vegetalien-aux-actifs-naturels-reparateurs\/#primaryimage"},"thumbnailUrl":"https:\/\/i0.wp.com\/235th.com\/wp-content\/uploads\/2025\/05\/E8OAXTws0eVbtlVhn1edLAX89yzcjpDS-1-scaled.jpg?fit=1930%2C2560&ssl=1","datePublished":"2025-05-08T14:01:05+00:00","dateModified":"2025-05-08T14:03:52+00:00","breadcrumb":{"@id":"https:\/\/235th.com\/en\/product\/apres-shampooing-vegetalien-aux-actifs-naturels-reparateurs\/#breadcrumb"},"inLanguage":"en-US","potentialAction":[{"@type":"ReadAction","target":["https:\/\/235th.com\/en\/product\/apres-shampooing-vegetalien-aux-actifs-naturels-reparateurs\/"]}]},{"@type":"ImageObject","inLanguage":"en-US","@id":"https:\/\/235th.com\/en\/product\/apres-shampooing-vegetalien-aux-actifs-naturels-reparateurs\/#primaryimage","url":"https:\/\/i0.wp.com\/235th.com\/wp-content\/uploads\/2025\/05\/E8OAXTws0eVbtlVhn1edLAX89yzcjpDS-1-scaled.jpg?fit=1930%2C2560&ssl=1","contentUrl":"https:\/\/i0.wp.com\/235th.com\/wp-content\/uploads\/2025\/05\/E8OAXTws0eVbtlVhn1edLAX89yzcjpDS-1-scaled.jpg?fit=1930%2C2560&ssl=1","width":1930,"height":2560},{"@type":"BreadcrumbList","@id":"https:\/\/235th.com\/en\/product\/apres-shampooing-vegetalien-aux-actifs-naturels-reparateurs\/#breadcrumb","itemListElement":[{"@type":"ListItem","position":1,"name":"Accueil","item":"https:\/\/235th.com\/en\/"},{"@type":"ListItem","position":2,"name":"Store","item":"https:\/\/235th.com\/en\/store\/"},{"@type":"ListItem","position":3,"name":"Apr\u00e8s-shampooing V\u00e9g\u00e9talien aux Actifs Naturels R\u00e9parateurs"}]},{"@type":"WebSite","@id":"https:\/\/235th.com\/en\/#website","url":"https:\/\/235th.com\/en\/","name":"235 TH","description":"L&#039;excellence sinon rien","potentialAction":[{"@type":"SearchAction","target":{"@type":"EntryPoint","urlTemplate":"https:\/\/235th.com\/en\/?s={search_term_string}"},"query-input":{"@type":"PropertyValueSpecification","valueRequired":true,"valueName":"search_term_string"}}],"inLanguage":"en-US"}]}},"_links":{"self":[{"href":"https:\/\/235th.com\/en\/wp-json\/wp\/v2\/product\/118792","targetHints":{"allow":["GET"]}}],"collection":[{"href":"https:\/\/235th.com\/en\/wp-json\/wp\/v2\/product"}],"about":[{"href":"https:\/\/235th.com\/en\/wp-json\/wp\/v2\/types\/product"}],"replies":[{"embeddable":true,"href":"https:\/\/235th.com\/en\/wp-json\/wp\/v2\/comments?post=118792"}],"wp:featuredmedia":[{"embeddable":true,"href":"https:\/\/235th.com\/en\/wp-json\/wp\/v2\/media\/118793"}],"wp:attachment":[{"href":"https:\/\/235th.com\/en\/wp-json\/wp\/v2\/media?parent=118792"}],"wp:term":[{"taxonomy":"product_brand","embeddable":true,"href":"https:\/\/235th.com\/en\/wp-json\/wp\/v2\/product_brand?post=118792"},{"taxonomy":"product_cat","embeddable":true,"href":"https:\/\/235th.com\/en\/wp-json\/wp\/v2\/product_cat?post=118792"},{"taxonomy":"product_tag","embeddable":true,"href":"https:\/\/235th.com\/en\/wp-json\/wp\/v2\/product_tag?post=118792"}],"curies":[{"name":"wp","href":"https:\/\/api.w.org\/{rel}","templated":true}]}}

Après-shampooing Végétalien aux Actifs Naturels Réparateurs

<p>Soin intensif des pointes – Adapté à tous les types de cheveux, même texturés.<br />
Cet après-shampooing végétalien, sans noix, est une véritable cure de réparation pour les pointes abîmées et sèches. Enrichi en panthénol, bétaïne et protéines de blé, il nourrit, renforce et protège la fibre capillaire, tout en prévenant les cassures et les pointes fourchues. Résultat : des cheveux visiblement plus sains, plus doux et plus faciles à coiffer.</p>
<p>Spécialement formulé pour convenir aussi aux cheveux bouclés, frisés ou crépus, il préserve l’hydratation naturelle sans alourdir la boucle, et facilite le démêlage en douceur.</p>
<p>Son parfum envoûtant mêle des notes fraîches d’agrumes, d’herbes et de fleurs sucrées, pour une expérience sensorielle à chaque application.</p>
<p>Conseils d’utilisation : appliquer sur les pointes lavées et essorées, laisser poser 1 à 3 minutes, puis rincer abondamment.</p>

<p>Soin intensif des pointes – Adapté à tous les types de cheveux, même texturés. Cet après-shampooing végétalien, sans noix, est une véritable cure de réparation pour les pointes abîmées et sèches. Enrichi en panthénol, bétaïne et protéines de blé, il nourrit, renforce et protège la fibre capillaire, tout en prévenant [&hellip;]</p>

<!-- This site is optimized with the Yoast SEO plugin v24.3 - https://yoast.com/wordpress/plugins/seo/ -->
<title>Après-shampooing Végétalien aux Actifs Naturels Réparateurs - 235 TH</title>
<meta name="robots" content="index, follow, max-snippet:-1, max-image-preview:large, max-video-preview:-1" />
<link rel="canonical" href="https://235th.com/en/product/apres-shampooing-vegetalien-aux-actifs-naturels-reparateurs/" />
<meta property="og:locale" content="en_US" />
<meta property="og:type" content="article" />
<meta property="og:title" content="Après-shampooing Végétalien aux Actifs Naturels Réparateurs - 235 TH" />
<meta property="og:description" content="Soin intensif des pointes – Adapté à tous les types de cheveux, même texturés. Cet après-shampooing végétalien, sans noix, est une véritable cure de réparation pour les pointes abîmées et sèches. Enrichi en panthénol, bétaïne et protéines de blé, il nourrit, renforce et protège la fibre capillaire, tout en prévenant [&hellip;]" />
<meta property="og:url" content="https://235th.com/en/product/apres-shampooing-vegetalien-aux-actifs-naturels-reparateurs/" />
<meta property="og:site_name" content="235 TH" />
<meta property="article:modified_time" content="2025-05-08T14:03:52+00:00" />
<meta property="og:image" content="https://235th.com/wp-content/uploads/2025/05/E8OAXTws0eVbtlVhn1edLAX89yzcjpDS-1-scaled.jpg" />
	<meta property="og:image:width" content="1930" />
	<meta property="og:image:height" content="2560" />
	<meta property="og:image:type" content="image/jpeg" />
<meta name="twitter:card" content="summary_large_image" />
<meta name="twitter:label1" content="Est. reading time" />
	<meta name="twitter:data1" content="1 minute" />
<script type="application/ld+json" class="yoast-schema-graph">{"@context":"https://schema.org","@graph":[{"@type":"WebPage","@id":"https://235th.com/en/product/apres-shampooing-vegetalien-aux-actifs-naturels-reparateurs/","url":"https://235th.com/en/product/apres-shampooing-vegetalien-aux-actifs-naturels-reparateurs/","name":"Après-shampooing Végétalien aux Actifs Naturels Réparateurs - 235 TH","isPartOf":{"@id":"https://235th.com/en/#website"},"primaryImageOfPage":{"@id":"https://235th.com/en/product/apres-shampooing-vegetalien-aux-actifs-naturels-reparateurs/#primaryimage"},"image":{"@id":"https://235th.com/en/product/apres-shampooing-vegetalien-aux-actifs-naturels-reparateurs/#primaryimage"},"thumbnailUrl":"https://i0.wp.com/235th.com/wp-content/uploads/2025/05/E8OAXTws0eVbtlVhn1edLAX89yzcjpDS-1-scaled.jpg?fit=1930%2C2560&ssl=1","datePublished":"2025-05-08T14:01:05+00:00","dateModified":"2025-05-08T14:03:52+00:00","breadcrumb":{"@id":"https://235th.com/en/product/apres-shampooing-vegetalien-aux-actifs-naturels-reparateurs/#breadcrumb"},"inLanguage":"en-US","potentialAction":[{"@type":"ReadAction","target":["https://235th.com/en/product/apres-shampooing-vegetalien-aux-actifs-naturels-reparateurs/"]}]},{"@type":"ImageObject","inLanguage":"en-US","@id":"https://235th.com/en/product/apres-shampooing-vegetalien-aux-actifs-naturels-reparateurs/#primaryimage","url":"https://i0.wp.com/235th.com/wp-content/uploads/2025/05/E8OAXTws0eVbtlVhn1edLAX89yzcjpDS-1-scaled.jpg?fit=1930%2C2560&ssl=1","contentUrl":"https://i0.wp.com/235th.com/wp-content/uploads/2025/05/E8OAXTws0eVbtlVhn1edLAX89yzcjpDS-1-scaled.jpg?fit=1930%2C2560&ssl=1","width":1930,"height":2560},{"@type":"BreadcrumbList","@id":"https://235th.com/en/product/apres-shampooing-vegetalien-aux-actifs-naturels-reparateurs/#breadcrumb","itemListElement":[{"@type":"ListItem","position":1,"name":"Accueil","item":"https://235th.com/en/"},{"@type":"ListItem","position":2,"name":"Store","item":"https://235th.com/en/store/"},{"@type":"ListItem","position":3,"name":"Après-shampooing Végétalien aux Actifs Naturels Réparateurs"}]},{"@type":"WebSite","@id":"https://235th.com/en/#website","url":"https://235th.com/en/","name":"235 TH","description":"L&#039;excellence sinon rien","potentialAction":[{"@type":"SearchAction","target":{"@type":"EntryPoint","urlTemplate":"https://235th.com/en/?s={search_term_string}"},"query-input":{"@type":"PropertyValueSpecification","valueRequired":true,"valueName":"search_term_string"}}],"inLanguage":"en-US"}]}</script>
<!-- / Yoast SEO plugin. -->

Après-shampooing Végétalien aux Actifs Naturels Réparateurs - 235 TH

Soin intensif des pointes – Adapté à tous les types de cheveux, même texturés. Cet après-shampooing végétalien, sans noix, est une véritable cure de réparation pour les pointes abîmées et sèches. Enrichi en panthénol, bétaïne et protéines de blé, il nourrit, renforce et protège la fibre capillaire, tout en prévenant [&hellip;]
